te number?
True
Is 13663 a composite number?
True
Is 306265 a composite number?
True
Is 68827 a composite number?
True
Is 39703 prime?
True
Is 8501 composite?
False
Is 30985 a composite number?
True
Is 5989 prime?
False
Is 6542 composite?
True
Is 131581 prime?
True
Is 206774 a composite number?
True
Is 83867 prime?
False
Is 16559 composite?
True
Is 1397761 composite?
False
Is 1015606 a prime number?
False
Is 16003 prime?
False
Is 2321 prime?
False
Is 5703 prime?
False
Is 28383 a composite number?
True
Is 3967 prime?
True
Is 20518 a prime number?
False
Is 836421 prime?
False
Is 971083 prime?
False
Is 21415 composite?
True
Is 47267 prime?
False
Is 814297 composite?
True
Is 142529 prime?
True
Is 3943 a prime number?
True
Is 979 composite?
True
Is 3979 composite?
True
Is 24515 a composite number?
True
Is 12701 a prime number?
False
Is 8287 a prime number?
True
Is 108679 a composite number?
True
Is 448243 a prime number?
False
Is 267217 a prime number?
True
Is 124979 a prime number?
True
Is 55091 a composite number?
True
Is 2025013 a composite number?
True
Is 199979 prime?
False
Is 13997 a prime number?
True
Is 163 composite?
False
Is 25793 a composite number?
False
Is 1481 a prime number?
True
Is 78377 a composite number?
True
Is 10303 composite?
False
Is 110315 a composite number?
True
Is 126283 composite?
True
Is 55951 prime?
False
Is 34082 prime?
False
Is 24359 a prime number?
True
Is 1194203 composite?
False
Is 357517 a prime number?
True
Is 39731 prime?
False
Is 49295 a composite number?
True
Is 14867 a composite number?
False
Is 1441 a prime number?
False
Is 3473 composite?
True
Is 135791 a prime number?
False
Is 1481 a prime number?
True
Is 29303 a prime number?
True
Is 99487 prime?
True
Is 18393 a prime number?
False
Is 6718 composite?
True
Is 1317007 a prime number?
False
Is 97663 prime?
False
Is 1035719 prime?
False
Is 8182 a composite number?
True
Is 124543 composite?
False
Is 24883 a prime number?
False
Is 592563 prime?
False
Is 5507 a prime number?
True
Is 14821 a composite number?
False
Is 298819 a composite number?
False
Is 14107 a prime number?
True
Is 190461 composite?
True
Is 6337 prime?
True
Is 1215569 a prime number?
True
Is 621337 prime?
True
Is 38143 composite?
True
Is 170266 composite?
True
Is 983 a composite number?
False
Is 120763 prime?
True
Is 745678 composite?
True
Is 25151 a composite number?
True
Is 11467 a composite number?
False
Is 84053 prime?
True
Is 51477 composite?
True
Is 61441 composite?
False
Is 219629 composite?
False
Is 2885 prime?
False
Is 1795787 composite?
True
Is 185677 composite?
False
Is 329789 prime?
True
Is 36823 a composite number?
True
Is 21059 prime?
True
Is 6287 composite?
False
Is 44431 a composite number?
True
Is 1168177 a composite number?
True
Is 280609 composite?
True
Is 3465647 a prime number?
False
Is 629 prime?
False
Is 193465 a prime number?
False
Is 4402743 a prime number?
False
Is 1709 prime?
True
Is 8659 prime?
False
Is 224101 a composite number?
False
Is 160942 a composite number?
True
Is 222837 a prime number?
False
Is 139 a prime number?
True
Is 9173 a composite number?
False
Is 30133 composite?
False
Is 95947 a prime number?
True
Is 394153 composite?
False
Is 8497 composite?
True
Is 479279 composite?
True
Is 127871 prime?
False
Is 54543 a prime number?
False
Is 17337 prime?
False
Is 6733 a composite number?
False
Is 14881 composite?
True
Is 5833 a prime number?
False
Is 382817 a prime number?
False
Is 83477 composite?
False
Is 514567 a composite number?
True
Is 1169 a composite number?
True
Is 3017429 composite?
True
Is 8501 composite?
False
Is 51941 a composite number?
False
Is 11411 composite?
False
Is 2237 composite?
False
Is 6863 a composite number?
False
Is 25367 a composite number?
False
Is 768347 a composite number?
False
Is 13577 composite?
False
Is 28429 composite?
False
Is 80419 composite?
True
Is 120485 composite?
True
Is 26473 a composite number?
True
Is 26149 a composite number?
True
Is 90599 a prime number?
True
Is 5231 composite?
False
Is 1157281 a prime number?
False
Is 8899 prime?
False
Is 145963 prime?
True
Is 20719 composite?
False
Is 3817 a composite number?
True
Is 18283 composite?
True
Is 4127 composite?
False
Is 95857 a composite number?
False
Is 13 prime?
True
Is 385373 prime?
False
Is 186357 a prime number?
False
Is 104069 prime?
False
Is 910199 a prime number?
True
Is 60373 prime?
True
Is 97759 composite?
True
Is 223603 composite?
True
Is 136943 a prime number?
True
Is 693953 a prime number?
False
Is 1272017 a prime number?
False
Is 54617 composite?
False
Is 13733 a prime number?
False
Is 48073 a composite number?
False
Is 27361 composite?
False
Is 3229 a prime number?
True
Is 5003 a composite number?
False
Is 947989 composite?
True
Is 14363 prime?
False
Is 1452503 a prime number?
False
Is 71161 prime?
True
Is 1705877 a composite number?
True
Is 2363 a composite number?
True
Is 46803 prime?
False
Is 116789 composite?
False
Is 3997 composite?
True
Is 46983 prime?
False
Is 18113 composite?
True
Is 93307 prime?
True
Is 64279 a prime number?
True
Is 4867733 a composite number?
True
Is 116849 a prime number?
True
Is 21911 prime?
True
Is 227319 a composite number?
True
Is 52265 prime?
False
Is 4421 a composite number?
False
Is 124523 prime?
False
Is 249497 composite?
False
Is 4299 a prime number?
False
Is 581811 composite?
True
Is 41467 a prime number?
True
Is 87719 prime?
True
Is 28859 a prime number?
True
Is 15815 a composite number?
True
Is 6847 prime?
False
Is 670597 prime?
True
Is 1106069 prime?
True
Is 310381 a composite number?
True
Is 6841 composite?
False
Is 1025093 a prime number?
True
Is 312269 a composite number?
False
Is 22693 a composite number?
True
Is 2053 prime?
True
Is 813677 composite?
False
Is 7403 prime?
False
Is 328883 a prime number?
True
Is 1757 prime?
False
Is 73847 prime?
True
Is 518863 prime?
True
Is 35539 a prime number?
False
Is 28727 composite?
True
Is 64901 prime?
True
Is 6542 a prime number?
False
Is 6883 a composite number?
False
Is 131 a composite number?
False
Is 3023503 a prime number?
False
Is 574571 composite?
True
Is 288043 composite?
True
Is 730407 prime?
False
Is 426565 composite?
True
Is 777901 prime?
True
Is 404051 a prime number?
True
Is 451 composite?
True
Is 100931 a composite number?
False
Is 79795 prime?
False
Is 40519 a prime number?
True
Is 145391 prime?
True
Is 38993 composite?
False
Is 3683 a composite number?
True
Is 951761 a composite number?
True
Is 281299 prime?
False
Is 8011 a composite number?
False
Is 187843 prime?
True
Is 5711 prime?
True
Is 7237 a prime number?
True
Is 37043 a prime number?
False
Is 158699 composite?
False
Is 70293 composite?
True
Is 827303 prime?
True
Is 7205437 prime?
True
Is 17021 prime?
True
Is 165511 a prime number?
True
Is 526507 composite?
True
Is 583 a prime number?
False
Is 205429 prime?
False
Is 327793 composite?
True
Is 149069 a prime number?
True
Is 2927 a composite number?
False
Is 26031 a prime number?
False
Is 54427 composite?
True
Is 56483 prime?
False
Is 15727 a composite number?
False
Is 21883 a prime number?
False
Is 13747 a prime number?
False
Is 6158 composite?
True
Is 89158 composite?
True
Is 60509 composite?
False
Is 17647 a composite number?
True
Is 79363 a prime number?
False
Is 110039 a prime number?
True
Is 59331 a prime number?
False
Is 89287 composite?
True
Is 1159709 a prime number?
True
Is 95621 a composite number?
False
Is 4897 a composite number?
True
Is 331127 composite?
False
Is 43699 a prime number?
False
Is 4831 composite?
False
Is 3196087 a prime number?
True
Is 1046437 prime?
False
Is 36073 a composite number?
False
Is 639461 a composite number?
True
Is 26797 a composite number?
True
Is 94709 prime?
True
Is 6823 a composite number?
False
Is 44881 a prime number?
False
Is 16409 a prime number?
False
Is 390821 composite?
False
Is 1143637 composite?
True
Is 32251 a prime number?
True
Is 9677 a prime number?
True
Is 93523 composite?
False
Is 18077 prime?
True
Is 11399 prime?
True
Is 558893 a composite number?
False
Is 79 composite?
False
Is 40569 composite?
True
Is 218959 a prime number?
False
Is 1972831 composite?
True
Is 1005911 a composite number?
False
Is 7897 prime?
False
Is 79367 prime?
True
Is 42815 a composite number?
True
Is 74377 a co